= 2*x**3 + 7*x**2 + 28*x - 12. What is n(-6)?
-360
Let d(w) = -w**3 + 9*w**2 + 4*w + 35. Determine d(10).
-25
Let p(m) = m**2 - 905*m - 4539. What is p(-5)?
11
Let f(w) = -w**2 - 30*w - 171. Give f(-19).
38
Let h(j) = 279*j - 3353. Give h(12).
-5
Let f(u) = u**3 + 11*u**2 - 13*u - 17. Determine f(-12).
-5
Let h(m) = m**3 + 13*m**2 - 29*m + 5. What is h(2)?
7
Let b(j) = -321*j - 2536. Determine b(-8).
32
Let l(d) = 43*d - 1574. Determine l(36).
-26
Let g(k) = -169*k - 2028. Determine g(-12).
0
Let t(q) = 18*q + 65. Determine t(-6).
-43
Let c(q) = q**3 + 67*q**2 - 287*q - 292. Calculate c(-71).
-79
Let q(h) = h**3 - 27*h**2 + 39*h - 11. Calculate q(26).
327
Let z(r) = r**3 - 21*r**2 - 28*r - 125. Give z(23).
289
Let g(i) = 275*i**2 - 3849*i - 19. Give g(14).
-5
Let t(z) = -13*z**3 - 113*z**2 + 35*z - 18. Give t(-9).
-9
Let m(j) = -j**3 - 26*j**2 + 4*j + 726. Calculate m(-25).
1
Let w(a) = -a**3 + 12*a**2 - 2*a - 16. Determine w(11).
83
Let y(p) = 3*p**3 - 178*p**2 + 271*p - 12510. Calculate y(59).
-2
Let q(f) = -f**3 + f - 14. Calculate q(6).
-224
Let d(y) = y**2 - 20*y - 9. What is d(14)?
-93
Let d(f) = -f**2 + 16*f + 62. Determine d(19).
5
Let d(b) = 406*b - 163. What is d(1)?
243
Let o(d) = d**3 - 25*d**2 + 2*d + 70. What is o(25)?
120
Let v(t) = t**3 + 125*t**2 - 125*t + 123. What is v(-126)?
-3
Let b(o) = 2*o**3 + 3*o**2 - 7*o - 11. Give b(-3).
-17
Let t(f) = -3*f**2 + 11*f + 36. Determine t(7).
-34
Let n(v) = -4*v**3 + 6*v**2 + 14*v + 8. Give n(-1).
4
Let x(a) = -a**3 + 265*a**2 - 304*a + 10564. What is x(264)?
4
Let y(l) = 18*l - 40. Determine y(2).
-4
Let c(l) = -5*l - 89. Give c(-23).
26
Let m(s) = -3*s**3 - 159*s**2 - 158*s - 106. Calculate m(-52).
-2
Let a(j) = 2*j**2 + 135*j - 359. Determine a(-70).
-9
Let l(x) = 7*x**2 - 302*x + 27. What is l(43)?
-16
Let k(q) = -35*q**3 - q**2 + 4*q - 2. What is k(1)?
-34
Let r(v) = v**3 - 48*v**2 + 41*v + 415. What is r(47)?
133
Let j(b) = b**3 - 32*b**2 + 53*b + 99. What is j(30)?
-111
Let n(m) = 12*m - 81. Calculate n(7).
3
Let m(g) = -g**3 + 10*g**2 + 234*g + 45. What is m(21)?
108
Let f(i) = i**2 - 26*i - 153. What is f(-5)?
2
Let c(p) = 549*p + 4668. Calculate c(-9).
-273
Let x(i) = -i**3 + 25*i**2 + 20*i + 152. Calculate x(26).
-4
Let r(v) = -28*v**2 + 84*v + 19. Give r(3).
19
Let r(l) = -32*l - 6043. Calculate r(-188).
-27
Let y(u) = -u**2 - 6*u - 14. What is y(-13)?
-105
Let w(f) = f**2 - 101*f + 984. What is w(90)?
-6
Let c(x) = x**3 - 40*x**2 - 488*x + 108. What is c(-10)?
-12
Let c(l) = -l + 318. Determine c(-19).
337
Let d(l) = 9*l**2 - 4*l + 5. What is d(-6)?
353
Let m(g) = -10*g + 85. Calculate m(-12).
205
Let f(k) = -5*k**3 + 2*k**2 + 9*k + 7. Determine f(-4).
323
Let m(q) = -q**3 - 21*q**2 - 27*q - 20. Give m(-20).
120
Let i(r) = -r**2 + 116*r + 4048. Calculate i(-28).
16
Let j(t) = 3*t**3 - 13*t**2 + 38*t - 16. Give j(3).
62
Let h(g) = g**2 - 487*g + 4775. Give h(10).
5
Let z(l) = 3*l**2 - 47*l + 17. Determine z(12).
-115
Let g(b) = -319*b - 1476. Give g(-5).
119
Let o(s) = -63*s - 1567. What is o(-25)?
8
Let j(s) = -86*s - 629. Calculate j(-14).
575
Let v(k) = 222*k + 1304. Determine v(-6).
-28
Let o(m) = -21*m**3 + 6*m**2 + 6*m - 1. What is o(-2)?
179
Let c(w) = -319*w - 18515. What is c(-58)?
-13
Let q(j) = 2*j**3 - 51*j**2 - 89*j + 203. Calculate q(27).
-13
Let q(t) = -153*t - 2181. What is q(-14)?
-39
Let j(r) = -6*r**2 + 30*r - 4. What is j(7)?
-88
Let k(p) = -3*p**3 - 25*p**2 - 32*p + 24. Calculate k(-6).
-36
Let s(p) = 3*p + 70. Calculate s(-14).
28
Let w(h) = 4*h**3 - 78*h**2 - 128*h + 45. Give w(21).
3
Let y(x) = -x**3 + 14*x**2 - 47*x - 10. Give y(9).
-28
Let a(n) = -22*n + 256. Give a(13).
-30
Let k(x) = 14*x**3 + 2*x**2 - 3*x + 1. What is k(1)?
14
Let z(q) = 160*q**2 - 13*q - 11. What is z(-1)?
162
Let j(t) = 3*t**2 - 25*t + 15. Calculate j(12).
147
Let s(l) = -l**3 + 9*l**2 - 19*l + 2. Give s(6).
-4
Let g(u) = 6*u**3 - 3*u**2 + 49*u - 47. Calculate g(1).
5
Let o(x) = 66*x + 13727. Calculate o(-208).
-1
Let f(m) = -512*m - 29691. Give f(-58).
5
Let j(f) = -53*f + 47. Give j(5).
-218
Let m(i) = 39906*i - 239438. Calculate m(6).
-2
Let q(n) = -n**2 + 3*n + 202. Determine q(16).
-6
Let a(u) = -31*u - 104. Calculate a(-5).
51
Let y(h) = -161*h - 125. What is y(-3)?
358
Let u(s) = -14*s**2 - 125*s + 246. Give u(2).
-60
Let w(i) = -i**3 - 13*i**2 + 17*i + 215. Determine w(-13).
-6
Let i(j) = -j**2 + 63*j + 3034. Give i(-32).
-6
Let j(h) = -h**3 + 4*h**2 + 64*h + 67. Give j(10).
107
Let h(k) = -5*k**3 - 31*k**2 - 35*k - 24. Determine h(-5).
1
Let t(o) = -5*o**2 - 49*o + 47. Determine t(-10).
37
Let f(d) = -368*d - 1842. Give f(-5).
-2
Let k(y) = y**3 + 11*y**2 - y - 9. Give k(-11).
2
Let t(j) = j**3 - 113*j**2 - 2*j + 198. What is t(113)?
-28
Let f(s) = 463*s + 3240. What is f(-7)?
-1
Let l(h) = h**2 + 67*h + 891. Give l(-18).
9
Let b(k) = -7*k**2 - 353*k + 6881. What is b(15)?
11
Let k(n) = -3009*n - 30082. Calculate k(-10).
8
Let d(x) = 17*x - 185. Determine d(13).
36
Let o(u) = 216*u - 210. Determine o(1).
6
Let n(h) = -49*h + 93. Calculate n(2).
-5
Let d(p) = -p**2 + 7*p + 531. Determine d(27).
-9
Let q(d) = 96*d + 852. Calculate q(-9).
-12
Let n(h) = 20*h**3 + h**2 + 19*h - 20. What is n(1)?
20
Let r(s) = -2*s**3 + 4*s + 3. Calculate r(4).
-109
Let w(y) = y**2 + 91*y - 1443. Determine w(13).
-91
Let g(u) = -u**2 + 6*u + 108. What is g(9)?
81
Let u(n) = -219*n + 35701. Calculate u(163).
4
Let x(l) = -2*l**2 + 51*l - 135. What is x(17)?
154
Let u(d) = d**3 + 10*d**2 + 3*d - 15. Give u(-9).
39
Let j(y) = y**2 - 477*y + 27799. Give j(68).
-13
Let j(t) = 166*t**3 + 5*t**2 - t - 2. Calculate j(1).
168
Let c(m) = -4017*m + 12052. Determine c(3).
1
Let d(n) = -n**3 - 18*n**2 - 70*n - 15. Calculate d(-6).
-27
Let c(r) = 15*r**3 + r**2 + 44*r + 41. Determine c(-1).
-17
Let r(b) = -26*b**2 + 3*b + 730. Give r(0).
730
Let t(r) = 4*r**3 - 176*r**2 - 5*r + 151. Determine t(44).
-69
Let o(s) = -s**3 - s**2 + 124*s - 10. What is o(-11)?
-164
Let m(s) = 22*s + 147. What is m(-5)?
37
Let x(p) = p**2 - 160*p - 8989. What is x(204)?
-13
Let p(a) = 18*a + 78. Give p(6).
186
Let s(u) = -u + 48. Determine s(-22).
70
Let p(g) = -g**2 + 46*g + 3985. Give p(91).
-110
Let i(t) = 2*t**2 - 310*t + 11013. What is i(100)?
13
Let t(g) = -358*g + 2899. Determine t(8).
35
Let u(a) = -a**2 - 74*a + 638. Determine u(-81).
71
Let n(l) = -16*l + 139. What is n(9)?
-5
Let s(p) = -55*p - 48. Calculate s(1).
-103
Let c(z) = -z**3 - 30*z**2 - 123*z + 16. Determine c(-5).
6
Let w(p) = -9*p**3 + 64*p**2 - p - 33. Determine w(7).
9
Let d(x) = -x**2 - 26*x - 65. Calculate d(-10).
95
Let t(i) = 67*i + 729. Give t(-11).
-8
Let q(f) = 85*f + 1007. Calculate q(-12).
-13
Let t(o) = -233*o + 5827. Determine t(25).
2
Let l(k) = 8*k - 908. What is l(16)?
-780
Let i(o) = 53*o - 1579. What is i(36)?
329
Let d(x) = -2*x**2 + 44*x - 261. Determine d(11).
-19
Let d(w) = 435*w + 1750. What is d(-4)?
10
Let q(r) = 16*r**2 + 191*r + 4. Determine q(-12).
16
Let o(w) = 127*w - 196. Determine o(0).
-196
Let q(p) = -2*p**2 + 138*p - 275. Determine q(67).
-7
Let r(y) = 22*y + 1084. Determine r(-50).
-16
Let p(r) = 6*r**3 - 24*r**2 + 6*r - 28. Give p(4).
-4
Let s(o) = o**3 - 22*o**2 + 8*o - 179. Give s(22).
-3
Let z(h) = h**3 + 6*h**2 - 135*h - 320. Determine z(-14).
2
Let b(v) = -v**3 + 108*v**2 - 427*v + 1150. Give b(104).
6
Let j(w) = w**2 + 115*w - 1753. What is j(14)?
53
Let x(o) = 10*o**2 + 359*o - 76. Give x(-36).
-40
Let q(h) = -515*h - 23787. Give q(-46).
-97
Let l(c) = 123*c**2 - 489*c - 11. Determine l(4).
1
Let y(c) = -3*c**2 + 375*c - 6539. What is y(104)?
13
Let f(a) = -a**2 + 132*a + 4479. What is f(-28)?
-1
Let w(t) = -13*t - 493. Give w(-37).
-12
Let l(k) = -22*k**2 - 9*k - 20. What is l(-2)?
-90
Let p(x) = 24*x + 1681. Give p(-70).
1
Let y(j) = 3*j**2 + 80*j - 686. Calculate y(7).
21
Let z(u) = -13*u**3 + 4*u**2 + 10*u - 9. Determine z(3).
-294
Let z(d) = d**2 + 33*d - 1443. What is z(-58)?
7
Let l(j) = -j**3 + 26*j**2 - 214*j + 570. Give l(7).
3
Let y(d) = 25*d**3 + 3248*d**2 - 259*d + 131. Determine y(-130).
1
Let x(j) = 627*j - 9429. Give x(15).
-24
Let r(c) = -c**2 - 35*c - 57. Determine r(10).
-507
Let r(w) = 332*w - 1998. Determine r(6).
-6
Let o(y) = -84*y + 147. What is o(2)?
-21
Let f(b) = 1319*b - 17155.